et o(y) = y**2 - 34*y - 12. Let q be o(34). Calculate a(q).
-5
Let g(i) = -i + 6. Let q be 27/5 + 16/(-40). Suppose -43 = -4*k - 0*k - q*v, 0 = -3*k - v + 24. Determine g(k).
-1
Let q(m) = 17*m + 102. Let t be q(-6). Let z(h) = -h**3 + h**2 + 28. What is z(t)?
28
Let o be (-3)/12 + (-15)/4. Let m(w) = -w**2 - w + 14. Let l be m(3). Let d(k) = -2*k + 6. Let v(f) = -f + 5. Let y(j) = l*d(j) - 3*v(j). Determine y(o).
1
Let w(g) = -g - 7. Suppose 0*b - 3*b + 5*n - 12 = 0, -3*b = 4*n - 15. Suppose -5*i + f = -26, f - 3 = -i + b. Determine w(i).
-12
Let p(f) = f - 3. Suppose 3*t - q - 14 = 0, 0 = -5*t - q + 5 + 5. Suppose 0 = -0*n + t*n. Determine p(n).
-3
Let t(j) be the third derivative of -j**6/60 + j**5/30 + j**4/8 - j**3/3 - 250*j**2. Determine t(2).
-4
Let f(r) be the first derivative of r**5/60 - 7*r**4/24 + 5*r**3/6 - 9*r**2 - 2. Let y(v) be the second derivative of f(v). Determine y(6).
-1
Let h(k) be the second derivative of k**4/12 + k**3/2 - 5*k**2/2 - 3*k - 65. What is h(3)?
13
Let f(b) be the second derivative of -b**4/12 - b**3/6 - 2*b. Let s be f(1). Let y(t) = 0*t - 5*t + 6*t + t - 3 + 2*t**2 + 1. Give y(s).
2
Suppose -15 + 3 = -2*g. Let p(y) = -4*y**2 - 12*y + 11. Let m(c) = -c**2 - c + 1. Let j(o) = 5*m(o) - p(o). Give j(g).
0
Let b(j) = -11*j**2 + 15*j - 23. Let u(k) = 7*k**2 - 10*k + 15. Suppose -9*t - 8 = -10*t. Let h(f) = t*u(f) + 5*b(f). Give h(5).
5
Let w(x) be the first derivative of -x**4/2 - 2*x**3 - x**2/2 + 5*x - 182. Calculate w(-4).
41
Let z(j) = 9*j + 3. Suppose -10*t - 8 = -6*t. Determine z(t).
-15
Let i(d) = d + 6. Let l be (-1)/4 + 1736/32. Let m be (1/(-3))/((-3)/l). Suppose -m = s - 1. Calculate i(s).
1
Suppose 0 = 92*p - 95*p. Let j(o) be the third derivative of p*o + 1/4*o**4 + 0 + o**2 - 7/60*o**5 + o**3 + 1/120*o**6. Give j(6).
6
Let p(u) = u + 10. Let z(h) = 4. Let c(k) = 4*p(k) - 10*z(k). Calculate c(-1).
-4
Let n = -356 + 358. Let h(g) = -g**2 + 2*g. Calculate h(n).
0
Let k(t) be the first derivative of 2*t**2 - 11*t - 87. What is k(6)?
13
Let b(u) = -2*u + 4. Let j be b(5). Suppose -5*t = -17*t + 36. Let h(x) = -6*x - 8 + t*x - 2*x - x**2. Give h(j).
-14
Suppose 0 = 33*h - 5*h - 84. Let y(a) = -3*a. Determine y(h).
-9
Let t(n) be the third derivative of -11*n**2 + 0 - n**3 - 1/4*n**4 - 1/10*n**5 + 0*n - 1/120*n**6. Calculate t(-5).
-1
Let d(g) = g**2 - 1. Let j(i) = -i**3 + i + 2. Suppose 0*n - 12 = -2*n. Let y(a) = n*d(a) + j(a). Determine y(6).
2
Let p = -13 + 8. Let r(d) = d**3 + 10*d**2 + 8*d + 6. Let l(n) = -n**3 - 9*n**2 - 8*n - 6. Let w(x) = -4*l(x) - 3*r(x). Give w(p).
-9
Let u(l) = l**3 + 9*l**2 - 12*l - 14. Suppose -8*s + 296 = -4*s. Let c = 64 - s. Calculate u(c).
6
Let l(g) = 3*g**3 + 8*g. Let a(w) = -4*w**3 + w**2 - 9*w + 1. Let y(n) = 4*a(n) + 5*l(n). Let k be y(5). Let p(h) = -3*h**3 - h**2. Give p(k).
2
Let l be (-216)/32 - (-1)/(-4). Let t(x) = -x**2 - 6*x + 4. Let h(u) = u**2 + 6*u - 5. Let i(p) = -2*h(p) - 3*t(p). What is i(l)?
5
Let r(k) be the second derivative of -k**4/12 + 2*k**3/3 + 10*k**2 + 463*k. Determine r(7).
-1
Let f(w) = -w**3 - w - 1. Let j(s) = 7*s**3 - 3*s**2 + 4*s + 10. Suppose -2*i + 3 = -3*g, -2*g + 0*g - 10 = 0. Let y(p) = i*f(p) - j(p). Determine y(3).
2
Let b(o) = -o - 13. Let t be b(-18). Let u(k) = -k + 8. What is u(t)?
3
Let r(p) = p**3 - 23*p**2 + 22*p + 6. Let n be r(22). Let f(z) = 4*z. Calculate f(n).
24
Let v(i) = -5*i - 2. Let g(x) = 12*x + 4. Let a(h) = -3*g(h) - 7*v(h). Determine a(5).
-3
Let k(y) be the second derivative of -y**5/20 - 2*y**4/3 - y**3 + 5*y**2/2 + 1226*y. Suppose n = -4*r - 23, -5*r - 5*n - 10 = -0*r. What is k(r)?
-2
Let s(g) = -8*g**2 - g. Let t(o) = 45*o**2 + 5*o. Let h(z) = -13*s(z) - 2*t(z). Calculate h(-1).
11
Let r(h) = 4*h + 0*h**2 - 2*h + 4*h - 49 + 41 - h**2. Calculate r(8).
-24
Let w = 54 - 21. Suppose -11 = 11*v + w. Let g(n) = 4*n + 2. Give g(v).
-14
Let x(m) = -m**2 - 7*m - 10. Suppose 338 - 310 = -4*s. What is x(s)?
-10
Let j(k) be the third derivative of k**7/2520 + k**6/180 - k**5/120 + 5*k**4/12 - k**2. Let x(a) be the second derivative of j(a). Calculate x(-5).
4
Suppose 4*h + v - 45 = 0, -5*h + 2*v = 3 - 43. Let b(x) = -h + 2*x - 2*x - x**3. Suppose 0 = -33*m + 53*m. Determine b(m).
-10
Let c(x) = -x**2 - 10*x - 5. Let g(m) = -2*m**2 - 5*m + 33. Let v be g(-6). Give c(v).
4
Suppose 0*v - 5*v - 40 = 0. Let w(s) = s**2 + 10*s + 9. Determine w(v).
-7
Let j(l) = 7*l**2 + 6*l + 2. Let y(p) = 16*p**2 + 12*p + 4. Let w(z) = 9*j(z) - 4*y(z). Calculate w(6).
2
Let m(p) = -p**3 + p**2 - p - 1. Let v(n) = 2*n**2 + 35*n + 16. Let t be v(-17). Let w(j) = -3*j**3 - 2*j**2 + 4*j + 3. Let g(d) = t*w(d) - 3*m(d). Give g(-1).
-6
Suppose 0 = -5*n + 2*u + 27, -3*n - 4*u + 9 + 2 = 0. Let l(b) = -b**2 + 2*b - 1. Give l(n).
-16
Let t = -1783 + 1785. Let y(k) be the first derivative of -9*k - 1/2*k**t - 9. Give y(-7).
-2
Suppose -i + 2*i = -4, -92 = 4*w + 4*i. Let x(f) = f**2 + 18*f - 20. Give x(w).
-1
Let a be (0 + 5)*28/140. Let s(l) = -3*l**2 - 7*l - 7. Let z(r) = 4*r**2 + 10*r + 10. Let y(b) = -7*s(b) - 5*z(b). Determine y(a).
-1
Let u(w) = -w**2 + 6*w + 18. Let o be u(-2). Let l(x) = -x**3 + x**2 + 6*x - 3. Calculate l(o).
5
Suppose 0*v = -2*v + 16. Let a be 3/12 + (-18)/v. Let l(p) = p**2 + 1. Calculate l(a).
5
Let g = 3 + 4. Suppose -3*z - 40 = 4*n, -4*z - 44 = 2*n + 2*n. Let k = n + g. Let d(c) = c**3 + c**2 - c - 6. Give d(k).
-6
Let u(z) = z**3 + 4*z**2 - 4*z + 7. Suppose 0 = -2*j + 7*j - 2*r - 26, -4*r - 12 = 0. Suppose -j*h = 5*v + 28, 4 = -5*h + h + v. Let p = h - 3. Calculate u(p).
2
Let s(v) = -v**2 + v + 5. Suppose 21*n - 27*n = 0. Give s(n).
5
Let v(j) be the second derivative of 7/2*j**2 - 1/24*j**6 + 1/24*j**4 + j + 1/6*j**3 + 1/60*j**5 + 0. Let h(q) be the first derivative of v(q). What is h(-1)?
6
Let d be 12 + -6 + (-1 - 5). Let j(y) = y**2 - 2*y - 5. Calculate j(d).
-5
Let b(s) = s**2 + 2*s - 5. Let z be b(0). Suppose -6*y + 2*y = 4*k, -2*k - 18 = -4*y. Let p(t) = -4*t - 7 + 5 + y*t. What is p(z)?
3
Let a(i) = -4*i + 4. Let n be (115/69)/(5/21). Determine a(n).
-24
Let d(i) = 8*i + 10. Let g be d(-1). Let a(f) be the second derivative of f + f**g + 2/3*f**3 + 0. What is a(-2)?
-6
Let j(q) = 4*q**3 + q + 4. Let x = -24 + 32. Let w(m) = 11*m**3 - m**2 + 2*m + 11. Let o(h) = x*j(h) - 3*w(h). Determine o(3).
5
Let c be -2 + (2 - (-1 + 2)). Suppose m + 6 = 3*m. Let f(o) = 2*o + 4*o + 0*o - m*o. Give f(c).
-3
Suppose 5*k + 6*c - 3*c + 6 = 0, 2*k - 4*c = 8. Let l(b) = 3 + b**3 + 2*b**2 - 6 + k*b**3 - 6*b. Let x be ((-610)/(-2135))/((-1)/14). Determine l(x).
-11
Let b(c) = 2 + 5 - 2*c - 4 - 6 + 2*c**2. Let p = 370 - 373. Calculate b(p).
21
Let w(t) = 5*t - 3*t + 12*t**2 - 11*t**2 + 3 + 4*t - 3*t. Give w(-2).
1
Let s(z) = z**2 + 19*z + 18. Suppose -36 = 2*a + t, -3*a - 18*t - 53 = -17*t. Determine s(a).
-16
Let d(k) be the first derivative of k**3/3 - k**2 - 7*k - 7. Suppose 2*i + 4 = 2*p, 6*i + 15 = 11*i. Give d(p).
8
Let d(b) = -b**3 - 4*b**2 + b - 2. Let f be d(-5). Suppose 0 = -23*j + f*j + 10. Let a(l) = -4*l + 3. What is a(j)?
-5
Let l(t) = -7*t**3 - 3*t**2 + 1. Suppose -2*w = -3*m, 3*m - 5*w - 13 = -4. Determine l(m).
45
Let p(s) be the third derivative of 0*s**3 - 24*s**2 - 1/60*s**5 + 1/12*s**4 + 0*s + 0. What is p(2)?
0
Let c(q) = q**3 + 9*q**2 - 4. Suppose -11*a + 45 = 4*a. Suppose 51 = -5*z + z + 3*w, -w = -a*z - 32. What is c(z)?
-4
Suppose 3*s + 6 = 5*l + 22, 2*s = l + 6. Let z(r) = 2*r**2 + 2*r + 1. Determine z(l).
5
Suppose -4*t - 4 + 84 = 0. Let m be (-174)/(-145)*t/(-6). Let y(f) = 2*f + 6. Determine y(m).
-2
Let n(t) = -t + 5. Let v(b) = 3*b - 15. Let a(h) = 17*n(h) + 6*v(h). Let l be 3*-1 - 8/(-8). Let y(w) = 2*w**2 + w. Let o be y(l). Calculate a(o).
1
Let r(b) = 0 - 15 - b + 6 - 14. Determine r(-12).
-11
Suppose 8*q = 5*q + 27. Let r = q - 10. Let w(a) = 2*a**2 - 2*a - 1. Determine w(r).
3
Let u(o) = -3*o**2 + 4*o - 4. Suppose -5*c = 2 + 3. Let v(h) = 1. Let d(r) = c*u(r) - 2*v(r). Calculate d(2).
6
Let c be 15/10*(-2510)/(-15). Let h(g) = -3*g + 3 - g - c*g**2 + 252*g**2. What is h(3)?
0
Let s(b) = -4*b**3 + 27*b**2 + 20*b + 1. Let h(f) = -3*f**3 + 18*f**2 + 13*f + 1. Let u be ((-5)/3)/(-2 - (-28)/12). Let r(d) = u*s(d) + 7*h(d). What is r(-8)?
10
Let y(h) be the first derivative of -h**2/2 + 12*h +